(-4). Suppose 0 = -5*l + a - 0*a + 40, f = -5*l + 3*a + 40. What is the units digit of l?
8
Let l be 1/1 - (-22 - -15). What is the tens digit of 3/12 + 262/l?
3
Suppose 0*t + 3*l = 2*t - 96, 0 = 2*l. Suppose 4*d - t = -0*d. What is the units digit of d?
2
What is the units digit of -26 + 28 + 1*36?
8
Let p(b) = -b**2 + 7*b - 6. Let o be p(6). Suppose 0 = 2*t - o - 8. What is the units digit of t?
4
Let d be ((-1)/1 - -2) + 2. Suppose -7 = 4*k - 35. Suppose -d*l + k = -2*l. What is the units digit of l?
7
Let q(g) = 78*g**2 - g. What is the units digit of q(1)?
7
Let g = -4 - -1. What is the units digit of (4/(-1))/(2/g)?
6
Suppose -21 - 8 = -4*x + a, -5*a = 25. Suppose -3*d = 4*q + 31, 0*q + x = -2*d + q. Let l = 9 + d. What is the units digit of l?
4
Suppose 0*y = 4*y + 32. Let p = 14 + y. What is the units digit of p?
6
Suppose 27*i = 34*i - 105. Suppose 0 = 2*w - 3 - 1. Suppose 25 = w*s - i. What is the units digit of s?
0
Suppose -3*i - 6 = v, i - 3*v = -2*v - 6. Let x = 16 + i. What is the tens digit of x?
1
Suppose -3*z + 5*c + 211 = 0, -6*z + 2*z - c + 312 = 0. Suppose 2*t - 1 - 19 = 4*k, 0 = -5*t + k + z. What is the units digit of t?
6
Let q = -88 - -131. What is the units digit of q?
3
Let j = -36 - -1. Let o be (7/2)/(1/(-2)). What is the units digit of (-5)/o + (-10)/j?
1
Suppose 5*v = 5 + 20. Suppose 2*n + v*y + 17 = 0, 2*n - 2*y = -3*y - 5. What is the tens digit of n - (-9 + -1 - 2)?
1
Let z(a) = -a**2 - 7*a - 7. Let b be z(-5). Suppose -4*r + 6 = -b*j, -3*r + 0*r + 17 = 4*j. Suppose 3*h = j + 13. What is the units digit of h?
5
Let t = 22 - 24. Let f = t + 17. What is the tens digit of f?
1
Let f = -2 + 12. Let g = -6 + f. What is the units digit of g?
4
Let l(c) = -2*c**3 + 8*c**2 - 4*c + 3. Let r(f) = 3*f**3 - 15*f**2 + 8*f - 7. Let d(v) = -5*l(v) - 3*r(v). What is the units digit of d(-5)?
6
Suppose x - 144 = -x. What is the units digit of x?
2
Let p be 12/(-8) - 1/2. Let a be ((-4)/(2/(-1)))/p. What is the units digit of a/(-6) + 246/36?
7
Let r(l) = l**2 + 17*l - 9. What is the tens digit of r(14)?
2
What is the units digit of (4/12*2)/(1/9)?
6
Let w(a) = -a**2 + 11*a + 8. Let o be w(7). Suppose -2*s + 46 = -o. What is the units digit of s?
1
Suppose 27 = 8*y - 5*y. What is the units digit of y?
9
Suppose 2*v = 4*v - 6. Suppose -v*w + 3*q = -69, 36 + 9 = 3*w + 5*q. Suppose 5*k - 10*k + w = 0. What is the units digit of k?
4
What is the tens digit of 468*((-3)/5 + (-33)/(-30))?
3
Let h(l) = l**3 + l**2 + l + 1. Let o(x) = -8*x**3 - 16*x**2 - 3*x - 8. Let d(j) = -6*h(j) - o(j). What is the units digit of d(-5)?
7
Suppose -3 = v - 9. Suppose 16 = -2*w - 2*w, 20 = -4*n - 3*w. Let j = n + v. What is the units digit of j?
4
Let t(o) = o**3 + 3*o**2 - 5*o - 3. What is the tens digit of t(-3)?
1
Suppose c = 6 - 2. Suppose c*r = -3*b + 17, -5*r - b + 11 = -2. What is the units digit of r?
2
Let w = -12 + 13. What is the units digit of w?
1
What is the tens digit of (-25*(-2)/(-3))/((-2)/6)?
5
Let r = -35 - -51. What is the tens digit of r?
1
Let k be 8/20 - (-206)/10. Let n = k - 15. Let p = 13 - n. What is the units digit of p?
7
Let n(x) be the third derivative of x**5/120 + 3*x**4/8 - x**3/6 + x**2. Let r(m) be the first derivative of n(m). What is the units digit of r(-6)?
3
Let b(v) be the first derivative of -v**2 - 5*v - 8. What is the units digit of b(-11)?
7
Suppose -5*a = -5*i - 430, 4*a + 5*i - 147 = 170. What is the tens digit of a?
8
Let r = -8 + 8. What is the units digit of 9 - (0 - r)/(-1)?
9
Suppose -2*j + 10 = -t - t, 2*j - 16 = -4*t. Let w(r) = -r + 8. Let f be w(j). Suppose 0*i = -f*i + 16. What is the units digit of i?
8
Suppose -2*b - 106 = -4*s, 0 = 3*s - 4*b - b - 69. What is the tens digit of s?
2
Let l be 93*((-20)/(-12) - 1). Suppose l = 3*k + 5. What is the units digit of k?
9
Suppose r - 17 = -0. Let h = -7 + r. What is the tens digit of h?
1
Let g(q) = -2*q - 7. Let k be g(-6). Suppose 0 = 2*p, k*p = 5*t - 0*p - 75. What is the tens digit of t?
1
Let l be 1 - (-1*6 + 2). Suppose 5*g = 2*a - 0*a - 7, 4*g = 3*a - 21. Suppose 0 = -w + 3*q - 7, -5*q = 3*w - l*w - a. What is the units digit of w?
2
Suppose 0 = -9*b + 6*b - 12. Let y be (-1)/b + (-14)/(-8). What is the units digit of -1 + 8 + y + -2?
7
Let z be ((-6)/(-5))/((-2)/(-5)). Let s(a) = -a**3 + 3*a**2 + 2*a. Let n be s(z). What is the units digit of 12/(0 - n/(-4))?
8
Let k(z) = 2*z - 8. Let m(d) = -d + 4. Let s(w) = 2*k(w) + 5*m(w). Suppose -g = 3*g - n - 15, 4*n + 3 = -3*g. What is the units digit of s(g)?
1
Suppose 5*g - 72 = g. Let f(j) = -13*j**2 - 2*j - 1. Let c be f(-1). Let l = c + g. What is the units digit of l?
6
Let d = -46 + 65. What is the tens digit of d?
1
Let z(m) = -30*m - 4. Let d(b) = 60*b + 7. Let f(w) = 3*d(w) + 5*z(w). What is the tens digit of f(1)?
3
Suppose -3*r + 0*i + 9 = 3*i, -2*i = -r. Let u(m) = 6*m**2 - 2*m + 3. What is the units digit of u(r)?
3
Let k(s) = s**2 + s + 13. What is the units digit of k(15)?
3
Let v(p) = 3*p**2 + 7*p + 1. Let y(f) = f**2 + 4*f. Let h(i) = 2*v(i) - 5*y(i). Suppose -2*b + 30 = 4*z, b + 3 = -2*z + 6*b. What is the units digit of h(z)?
2
Suppose 2*p - 90 = 2*u, 2*p - 3*p - 2*u + 30 = 0. What is the tens digit of p?
4
Let f be 0 + -1*(1 - 5). Suppose -p - 20 = -f*o - 3*p, -2*o - 2*p = -10. Suppose j + 4 = o*j. What is the units digit of j?
1
Let s = 7 - 6. What is the tens digit of 14 - 0/(s + -2)?
1
Let f(n) = n**2 - 2*n - 4. Let r be f(3). Let u = r + 2. What is the units digit of u?
1
What is the units digit of (216/(-14))/(54/(-252))?
2
Let r = 164 + -64. What is the hundreds digit of r?
1
What is the units digit of (-6)/(1/4*-6)?
4
Let n be 1 - (153/3)/(-1). Suppose 0 = 4*y - 0*y - n. What is the units digit of y?
3
Suppose -21 = -5*h - 1. Suppose 35 = h*r - 9. What is the units digit of r?
1
What is the units digit of (-9)/24 - 2246/(-16)?
0
Suppose 0 = -x - 2*n + 5*n - 137, -n = 3*x + 411. Let y = -98 - x. What is the units digit of y?
9
Let o = 20 + -22. What is the units digit of (1*(o - -4))/1?
2
Suppose 0 = -2*f - 2*v + 92, -2*v - 46 + 9 = -f. What is the tens digit of f?
4
Let f be ((-29)/(-2))/(3/6). Let g = f + 0. What is the units digit of g?
9
Let q = 194 + -106. Suppose -q = -4*g - 4*n, 3*g + n - 1 - 63 = 0. Suppose g = 5*y - 2*y. What is the units digit of y?
7
Let v(g) be the second derivative of g**5/20 - 7*g**4/12 - g**3/6 - 2*g**2 + 5*g. What is the units digit of v(8)?
2
Let y(m) = 2*m**2 - 3*m + 4. Suppose -3*a - 5*f - 21 = 3, -4*a - 27 = 5*f. What is the tens digit of y(a)?
3
Suppose 0 = 4*c - c - 444. What is the hundreds digit of c?
1
Suppose 2*n = n + 8. Suppose -3*b - n = -26. What is the units digit of ((-9)/b)/(3/(-32))?
6
Let h(r) = r**2 - 3*r - 2. Let z be h(4). What is the units digit of z/1 + 1 + 7?
0
Let k(w) = w**3 + 11*w**2 - 13*w - 11. Let b be k(-12). Let c = 16 - b. What is the units digit of c?
5
Suppose -14*z - 4*z + 1566 = 0. What is the units digit of z?
7
Let k be ((-6)/(-5))/(1/5). Let a be (-8)/k*(3 + 0). Let h(d) = -3*d - 5. What is the units digit of h(a)?
7
Let n be (-16)/(-4) + 1 + -125. What is the units digit of 2/(-4)*n/10?
6
Let i = -18 + 261. What is the hundreds digit of i?
2
Let o(h) be the first derivative of -3*h**4/2 - h**3/3 - h**2/2 - 1. Let k be o(-1). Let p(a) = -a**2 + 6*a + 7. What is the units digit of p(k)?
7
Let s = -6 + 3. Let f be (-4)/(-2)*1 - (7 - 11). What is the units digit of -3*((-20)/f - s)?
1
Let l = -18 - -10. What is the units digit of (l/20)/((-2)/160)?
2
Suppose 5*k = -5, 2*d - 2*k + k - 35 = 0. What is the units digit of d?
7
Suppose w + w - 138 = 0. What is the units digit of w?
9
Let g(r) = 5*r**2 + 9*r + 7. Let d(m) = m**2 - 1. Let o(v) = -4*d(v) + g(v). Let l(i) = -2*i - 2. Let y be l(3). What is the units digit of o(y)?
3
Suppose 0*b - 6 = -2*b. Let k(o) = 2*o + 1. What is the units digit of k(b)?
7
Suppose 0 = 3*q - 4*q + 3. Let f(u) = -u**3 + u**2 - u - 3 + q*u**2 + 0*u**3. What is the units digit of f(3)?
3
Let z = -20 - -35. Let q = 18 + -16. Suppose q*c - 3*u - z = 0, 4*u + 12 = -0*c + 2*c. What is the tens digit of c?
1
Let b = 2 - -1. Suppose w = 4*o + 2*w - 8, -b*w = o + 9. What is the units digit of o?
3
Let c be (-2 + 1)/(0 - 1). Let y(g) = 5*g**3. Let o be y(c). Suppose -2*n + o*d = 2,